the highest common divisor of n and j.
1
Let z = 85 + -33. Let c be 1 + z - (3 + -5). Calculate the greatest common factor of c and 11.
11
Suppose 7*a + 88 = 11*a. Calculate the greatest common divisor of a and 176.
22
Suppose -3*l - 11 = -2*d, d + 1 = 2*l - 7*l. Let y be (l + 0)*-1 + -1. Suppose 6*j - 3*j - 39 = y. What is the greatest common divisor of 52 and j?
13
Let n be 516/26 - 26/(-169). What is the highest common factor of n and 180?
20
Let f be -2*(-26 + (-4 - -4)). What is the greatest common factor of 13 and f?
13
Let b(l) = l**3 - 2*l**2 + 2*l. Let z be b(5). Let x = -49 + z. Calculate the highest common divisor of 4 and x.
4
Suppose -5*p + 5*f + 50 = 0, -2 = -2*p - f + 3. What is the highest common divisor of p and 25?
5
Let j = -33 + 54. What is the highest common divisor of j and 7?
7
Suppose -3*x + 74 = n, 3*n = -x + n + 18. What is the greatest common divisor of x and 208?
26
Let w = 5 + 25. What is the highest common factor of w and 75?
15
Suppose -75 = -5*i + 90. Calculate the highest common factor of i and 77.
11
Suppose 2*b + 7 + 3 = 0. Let o be (-51)/b + (-2)/10. Calculate the highest common factor of 80 and o.
10
Suppose -81 - 95 = -4*o - 4*c, -196 = -5*o + c. Calculate the highest common divisor of 4 and o.
4
Let i be 2/4*3*2. Suppose m - 68 = -i*m. What is the greatest common divisor of m and 17?
17
Let r = 3 + 0. Suppose 5*d = -b + 318, -r*d + b + 190 = 2*b. Suppose -d = -5*l + p, -4 - 4 = -l + 5*p. Calculate the greatest common factor of 52 and l.
13
Let n = -3 - -7. Let c(j) = n*j - 2*j - 4 + 2*j**2 - 4*j. Let b be c(5). Calculate the highest common divisor of b and 90.
18
Suppose 0 = -21*b + 25*b - 4. What is the greatest common factor of b and 9?
1
Let b be ((-57)/6)/((-1)/2). Calculate the highest common divisor of 171 and b.
19
Let d = -60 - -12. Let l = -12 - d. Calculate the highest common divisor of 4 and l.
4
Suppose -3*n = 4*d - 2, 0*d + n = -d. What is the greatest common divisor of 2 and d?
2
Suppose -12 = 3*k - 7*k. Suppose -2*j = k*c - 12, 0*j = -3*j - 2*c + 28. Suppose 0 = 3*t + 2*t - 90. Calculate the highest common divisor of t and j.
6
Let y(r) = -r**3 + 18*r**2 - 17*r + 20. Let x be y(17). Calculate the greatest common factor of 20 and x.
20
Let c(s) = -s**3 + s**2 - s + 5. Let g be c(0). Suppose 2*f + 15 = g*f. Let a = 13 - 11. What is the highest common divisor of a and f?
1
Let f(y) = y**3 - 3*y**2 - 2*y + 3. Let h be f(2). Let l be 8/(-10)*h/1. What is the greatest common factor of l and 32?
4
Let n be (0 - 3)*-9 - 2. What is the highest common divisor of n and 25?
25
Let i = 33 - 21. Let g(d) = -d + 2. Let w be g(-3). Suppose -w*c + 5*s + 420 = -0*s, 0 = -2*c + 3*s + 168. Calculate the greatest common divisor of c and i.
12
Let c(t) = t + 71. Let y be c(-16). Calculate the greatest common divisor of y and 22.
11
Let a = -9 + 2. Let f(b) = b**2 + b + 7. Let s(x) = -x. Let l(y) = f(y) - 6*s(y). Let c be l(a). Calculate the highest common factor of c and 56.
7
Suppose -257 = -5*z + 83. Calculate the greatest common factor of z and 17.
17
Suppose 4*b - 11 = 3*i, i - 4 = -4*b + 3. Let j = i - -5. What is the greatest common factor of j and 10?
2
Let n = -15 - -4. Let t = n - -24. What is the highest common factor of t and 39?
13
Let x(l) = l + 1. Let n = -2 - -3. Let t be x(n). Let s(w) = w**3 + 5*w**2 - 8*w - 4. Let i be s(-6). Calculate the highest common divisor of t and i.
2
Let c = -8 + 11. Suppose -v + 4*q = 2*q + 1, -c*v + 47 = 4*q. What is the highest common factor of 9 and v?
9
Let g = -13 - -19. Let z be ((-3)/(-9))/((-4)/(-144)*3). What is the highest common factor of z and g?
2
Suppose -3*z + 52 = -4*k, -z - 5*k + 44 = -k. Suppose -p - h = 4*p - 34, -12 = -3*h. What is the highest common divisor of p and z?
6
Let v(k) = -k**2 + 25*k - 21. Let u be v(24). What is the highest common divisor of u and 6?
3
Suppose -5*l - 80 = -9*l. What is the highest common factor of 30 and l?
10
Suppose 0 = -w + 2*w - 36. Let r(j) = 9*j. Let n be r(1). Calculate the highest common factor of n and w.
9
Let n(p) be the first derivative of 4*p**3/3 + p**2/2 - p + 2. Let l be n(2). What is the highest common factor of l and 85?
17
Suppose 5*j + 5*g = 555, -5*j - 196 = -4*g - 778. Suppose 409 = 3*h + s, 2*h = -5*s + j + 176. Calculate the greatest common factor of h and 15.
15
Let o be (-1 - -3)*926/(-4). Let c = -330 - o. What is the highest common divisor of c and 19?
19
Suppose 58*n + 85 = 63*n. Let l(v) = 4*v**2 - v. Let w be l(-4). What is the greatest common factor of n and w?
17
Suppose c + 10 = b + 2*c, 0 = -2*b - 3*c + 16. What is the greatest common factor of 35 and b?
7
Suppose -5*p = -a + 17, 0*a + 5*p = -2*a - 11. Suppose n - 28 = -5*m - 3*n, a*n + 6 = 0. What is the greatest common factor of 12 and m?
4
Suppose -3*k - 36 = -4*l - 115, 4*l = -16. What is the highest common factor of 7 and k?
7
Let y(o) = -6*o + 12. Let g be y(0). Calculate the greatest common divisor of g and 48.
12
Suppose 5*s - 3 = 5*p - 13, -s + 10 = 3*p. Calculate the highest common factor of p and 6.
3
Let c = -197 + 422. What is the greatest common divisor of c and 45?
45
Let b be (-6)/(-3)*1/2. Let f be -1 + 96 + 1/b. What is the highest common divisor of f and 12?
12
Let s(h) = -9*h - 3. Let r be s(-12). Calculate the greatest common divisor of 21 and r.
21
Suppose -3*k + 13 = -2. What is the highest common factor of k and 40?
5
Let i(n) = n - 3. Let d be i(6). Suppose 0*c = -d*c + 5*g + 11, 2*g = -2*c + 34. Calculate the highest common factor of c and 60.
12
Let i be ((-1071)/28)/(-9) - 1/4. What is the highest common factor of 4 and i?
4
Suppose 74 + 10 = 3*c. Suppose -2*r = -0*r - c. What is the highest common factor of r and 14?
14
Let x = -193 + 275. Suppose -x = -0*q - 2*q. Suppose 5*v - q = -3*y, -19 = y - 3*y + 5*v. Calculate the greatest common factor of 48 and y.
12
Suppose -4*l = -5*l + 50. Suppose 0*j = j - 5*b - 4, 0 = 3*b. Suppose -116 = -j*v - 36. What is the greatest common divisor of l and v?
10
Let t(u) = 21*u - 2. Let g be t(6). Let i = -47 + g. Calculate the greatest common factor of 7 and i.
7
Suppose 4*u + 80 = 4*l, 0*u = -4*l + 2*u + 70. Calculate the highest common divisor of l and 15.
15
Let d be (1*20/7)/(3/21). What is the highest common factor of 30 and d?
10
Let s be ((-1)/(-2))/((-5)/(-500)). Suppose s = d + 5*f, f = -2*d - f + 68. What is the highest common factor of 15 and d?
15
Let x(g) = 2*g**2 - 14*g - 4. Let b be x(10). Let z(c) = -c**2 - c + 8. Let o be z(0). What is the greatest common divisor of o and b?
8
Suppose -2*p = 2*p. Let h be (p + 2)/(1/7). What is the greatest common divisor of 35 and h?
7
Let j be 4/(-1 - (3 + -2)). Let g be (-2)/(j/3) - -130. Calculate the greatest common divisor of 19 and g.
19
Suppose 16 = -3*k + 2*k. Suppose 0*j = 2*j + 12. Let d = j - k. Calculate the highest common factor of 25 and d.
5
Let s = 7 + 1. Let h = 0 + 0. Suppose h = 3*i - s - 34. Calculate the greatest common divisor of i and 70.
14
Let g be -2*5*2/(-2). Let n be (-10)/g + (1 - -164). Suppose 3*d = -n + 857. Calculate the highest common factor of d and 21.
21
Suppose -5*k = 3*j - 271, -5*k - 4 - 1 = 0. What is the greatest common factor of j and 23?
23
Suppose 30 = 5*d - 3*v, -5*d + 2*v = -0*v - 25. Suppose d = 3*p - 3. Calculate the highest common factor of 20 and p.
2
Let c = -13 + 23. What is the highest common divisor of 80 and c?
10
Let m(w) = -w**3 - 4*w**2 + 2*w - 6. Let h be m(-5). Let q = 15 - h. Suppose q = 2*j + 2. What is the greatest common divisor of j and 18?
2
Suppose 3*r - y - 3*y = 51, -4*y = -r + 9. Calculate the highest common divisor of 7 and r.
7
Suppose h = -2*h + 15. Let k = h + 27. Let a be (4/3)/((-2)/(-120)). What is the greatest common divisor of a and k?
16
Suppose 0*d - d = 0. Let z = d + 1. Calculate the highest common factor of 2 and z.
1
Suppose 0 - 2 = -k. Suppose -6*a = -k*a - 60. Calculate the highest common factor of 105 and a.
15
Suppose q + l = 2*l, 0 = 5*q + l - 12. Let a be (-64)/(-6) - q/(-6). Calculate the highest common divisor of 55 and a.
11
Let d = -21 + 45. Suppose 6*a + d = 10*a. What is the highest common factor of a and 4?
2
Let f(g) = -g + 3. Let a be f(5). Let d(p) = -p. Let v be d(a). Calculate the greatest common factor of v and 